) = 109292*w + 3715764. Calculate y(-34).
-164
Let f(m) = 106*m**3 - 19*m**2 + 4*m + 24. What is f(-1)?
-105
Let v(j) = -j**2 + 44*j + 4948. Give v(94).
248
Let i(o) = 32269*o - 1839332. Determine i(57).
1
Let r(o) = -o**2 + 269471*o - 2694612. What is r(10)?
-2
Let a(c) = 3*c**2 - 10*c - 2057. Determine a(32).
695
Let a(m) = -3*m**2 - 260*m + 6927. Determine a(24).
-1041
Let y(k) = 2*k**3 - 181*k**2 + 2060*k - 8730. Determine y(78).
-150
Let y(h) = 2343*h + 191. Calculate y(0).
191
Let s(a) = 1267*a - 37995. What is s(30)?
15
Let y(q) = -908*q**2 + 76*q + 7. What is y(-1)?
-977
Let x(c) = -9*c**2 + 1657*c - 3268. Give x(2).
10
Let v(a) = a**2 - 5113*a + 1443897. Calculate v(300).
-3
Let c(i) = 195*i**3 + i**2 - 16*i - 15. Give c(-1).
-193
Let v(q) = 253*q + 1412. Calculate v(2).
1918
Let k(r) = -r**2 - 130*r + 4460. Give k(28).
36
Let b(v) = 7586*v + 1464169. Calculate b(-193).
71
Let q(t) = -2*t**3 - 364*t**2 - 5613*t - 492. What is q(-165)?
3
Let n(u) = -2*u**3 - 121*u**2 - 133*u + 9109. Give n(-58).
3
Let h(q) = -q**3 + 248*q**2 - 1414*q - 9143. What is h(242)?
53
Let a(f) = 147*f**2 - 154*f - 2917. Determine a(5).
-12
Let y(i) = -i**3 + 130*i**2 - 3938*i + 325. Calculate y(82).
161
Let n(p) = -p**3 - 1247*p**2 - 9788*p + 978. Determine n(-8).
-14
Let n(d) = -5*d**3 - 188*d**2 - 288*d + 54. Determine n(-36).
54
Let f(g) = 3*g**2 + 6386*g - 25595. Determine f(4).
-3
Let g(j) = 48*j**3 - j**2 + 168*j + 326. What is g(-2)?
-398
Let j(i) = -i**3 + 305*i**2 - 71*i + 21566. Give j(305).
-89
Let s(o) = o**2 + 623*o - 177060. Give s(212).
-40
Let x(v) = 12*v**2 - 10181*v + 14399. Determine x(847).
0
Let u(x) = 12234*x - 1. What is u(0)?
-1
Let c(d) = 12841*d + 398040. What is c(-31)?
-31
Let q(o) = o**2 - 254351*o - 7885847. Determine q(-31).
-5
Let o(a) = -150*a - 7593. What is o(-51)?
57
Let h(q) = -926*q - 14577. Determine h(-16).
239
Let p(d) = -22428*d - 269135. What is p(-12)?
1
Let c(i) = -i**3 - 17*i**2 + 1117*i + 16129. What is c(-14)?
-97
Let a(q) = -869*q - 26104. What is a(-30)?
-34
Let v(i) = 4*i**3 + 13*i**2 + 249*i + 728. Determine v(-3).
-10
Let u(s) = 668*s + 161022. What is u(-241)?
34
Let j(p) = 233*p - 50387. Determine j(212).
-991
Let m(q) = -q**3 - 76*q**2 + 215*q - 1578. Determine m(-79).
160
Let z(c) = -2*c**3 - 105*c**2 - 346*c - 1. Give z(-49).
146
Let t(d) = -2742*d - 54840. What is t(-20)?
0
Let v(r) = r**3 + 91*r**2 + 96*r - 417. Calculate v(-90).
-957
Let y(d) = -2358*d**2 - 813514*d - 1382. Calculate y(-345).
-2
Let v(n) = n**2 - 5710*n - 299612. Give v(-52).
12
Let q(c) = 8*c**3 + 7*c**2 + 596*c + 2353. Determine q(-4).
-431
Let d(x) = 12*x**2 + 156*x - 2334. Calculate d(17).
3786
Let b(k) = -223911*k + 223914. Determine b(1).
3
Let r(i) = -91*i**2 + 6*i + 340. What is r(2)?
-12
Let w(k) = 2*k**2 + 499*k + 13720. Determine w(-218).
-14
Let r(v) = -v**2 - 679*v - 91709. Calculate r(-186).
-11
Let y(l) = 433*l + 8886. Determine y(-22).
-640
Let o(y) = -y**3 + 626*y**2 - 2036*y + 1669682. Calculate o(627).
-19
Let i(z) = -977*z - 42837. What is i(-44)?
151
Let u(w) = w**3 + 821*w**2 + 17709*w - 33. Determine u(-22).
-2915
Let n(m) = -105*m**3 + 5*m**2 - 37*m + 35. Calculate n(1).
-102
Let b(f) = -f**2 + 161*f - 6221. Give b(102).
-203
Let q(p) = -198*p + 6680. Give q(34).
-52
Let p(t) = t**3 + 12*t**2 - 62*t - 811. What is p(-9)?
-10
Let z(h) = -386*h - 136908. Determine z(-359).
1666
Let p(r) = 5*r**2 - 167*r - 5323. Give p(-25).
1977
Let w(x) = 54*x**3 - 2*x**2 - 59*x - 107. Determine w(-2).
-429
Let d(t) = 70*t + 17409. Calculate d(-196).
3689
Let k(o) = o**2 - 106*o - 22507. Determine k(-98).
-2515
Let j(r) = 53*r**3 - 12*r**2 - 2593*r - 2582. What is j(-1)?
-54
Let j(v) = -2*v**2 + 56356*v - 338026. Give j(6).
38
Let b(h) = -3*h**2 - 552*h + 416978. Determine b(292).
2
Let z(k) = 2*k**2 + 401*k - 24433. Give z(49).
18
Let s(t) = t**3 - 5*t**2 + 2700*t - 10794. Give s(4).
-10
Let d(h) = 61976*h + 991603. What is d(-16)?
-13
Let j(o) = -355*o**3 - 42964*o**2 - 1086*o + 360. What is j(-121)?
-3
Let p(v) = 12*v**3 - 776*v**2 + 1256*v + 328. What is p(63)?
76
Let i(y) = 4*y**2 - 233*y + 2190. Calculate i(12).
-30
Let j(q) = 20*q - 8253. Calculate j(413).
7
Let b(i) = 7*i**2 - 69*i + 65. Give b(13).
351
Let c(x) = 171*x**2 - 5631*x - 370. What is c(33)?
26
Let p(y) = y**3 - 59*y**2 + 133*y - 15554. Give p(61).
1
Let p(x) = x**3 + 6*x**2 - 2845*x + 21894. Calculate p(8).
30
Let b(c) = -83*c + 1003. Determine b(15).
-242
Let h(a) = 89*a**3 + 1203*a**2 - 1200*a - 2. Determine h(1).
90
Let v(a) = -368*a**2 - 23918*a + 214. What is v(-65)?
84
Let y(k) = -k**3 - 66*k**2 - 129*k - 4166. What is y(-65)?
-6
Let r(y) = -22*y - 249. Give r(-9).
-51
Let a(d) = -d**3 + 106*d**2 + 31*d - 455. Calculate a(106).
2831
Let k(s) = 16072*s - 10478940. Give k(652).
4
Let y(i) = 370383*i - 9259562. Give y(25).
13
Let f(c) = -c**3 + 53*c**2 - 310*c + 24. What is f(46)?
576
Let u(i) = 675*i - 185174. Determine u(274).
-224
Let r(q) = -273*q**2 + 1266*q + 502. Determine r(5).
7
Let i(u) = -u**3 - 17*u**2 - 4293*u - 68435. Calculate i(-16).
-3
Let n(v) = 48*v**2 - 1323*v - 545. Give n(28).
43
Let t(v) = -v**3 + 187*v**2 - 1429*v - 497. Determine t(179).
40
Let o(b) = -16*b**2 + 3199*b + 3044. What is o(201)?
-373
Let p(t) = -365*t - 6606. What is p(-18)?
-36
Let z(p) = -p**3 - 325*p**2 - 3443*p + 3443. Give z(-314).
-11
Let o(q) = -4645*q - 18935. Give o(-4).
-355
Let v(a) = a**3 - 24*a**2 - 61*a + 1648. Calculate v(26).
1414
Let c(q) = -76*q**2 + 256*q - 195. What is c(2)?
13
Let t(r) = 2*r**2 - 322*r - 13617. Calculate t(-35).
103
Let i(j) = -4*j**3 + 62*j**2 + 9398*j + 14. Give i(-41).
-5398
Let x(y) = 7*y**3 + 58*y**2 + 68*y + 4. Calculate x(-7).
-31
Let t(h) = -h**3 - 32*h**2 - 221*h - 93. Calculate t(-23).
229
Let r(c) = 214*c**2 - 115132*c - 183. What is r(538)?
-183
Let z(u) = 121*u**2 - 17544*u - 191. Give z(145).
-46
Let r(p) = 192*p - 18978. What is r(98)?
-162
Let l(t) = -3*t**2 - 26546*t + 2603167. Determine l(97).
-22
Let p(i) = 11534*i + 22602. Calculate p(-2).
-466
Let t(b) = -6*b**2 + 285*b + 2873. What is t(-10)?
-577
Let m(d) = 2*d**2 - 293*d - 3796. Determine m(-12).
8
Let s(y) = 17*y**2 - 1324*y - 175. What is s(78)?
-19
Let y(c) = -631*c - 19444. Determine y(-31).
117
Let i(y) = 117*y**3 + 582*y**2 - 24*y - 27. Determine i(-5).
18
Let l(z) = 9*z**3 - z**2 - 91*z + 148. Give l(6).
1510
Let l(b) = 174711*b + 4193066. Determine l(-24).
2
Let l(p) = p**3 - 326*p**2 + 792*p - 365911. What is l(327)?
2
Let p(y) = 2020*y + 143527. Calculate p(-71).
107
Let b(i) = -230741*i - 1384340. Determine b(-6).
106
Let r(u) = -14*u**2 + 210*u - 1964. Calculate r(10).
-1264
Let m(k) = k**2 - 61187*k + 795266. Give m(13).
4
Let g(p) = 1336*p + 12040. What is g(-9)?
16
Let o(b) = b**2 - 169*b + 6163. Calculate o(118).
145
Let z(y) = -6*y**3 - 140*y**2 - 25*y + 40. Calculate z(-23).
-443
Let b(h) = 681*h - 3396. What is b(5)?
9
Let l(x) = -10*x**3 - 1318*x**2 + 165*x - 13067. Determine l(-132).
1
Let z(k) = -19*k**2 + 805*k - 7049. Calculate z(9).
-1343
Let q(m) = -18287*m - 329192. Calculate q(-18).
-26
Let d(a) = 5*a**3 + 1808*a**2 - 974*a - 90476. What is d(-362)?
24
Let f(t) = t**2 - 173*t + 3460. What is f(24)?
-116
Let j(a) = -4*a**3 - 27*a**2 - 119*a - 925. Calculate j(-8).
347
Let r(u) = -5614*u + 342409. Give r(61).
-45
Let i(c) = -3*c**3 + 44*c**2 - 2*c + 919. What is i(16)?
-137
Let q(s) = 7*s**2 + 3002*s - 12010. Calculate q(4).
110
Let k(i) = 4*i**3 - 302*i**2 + 2050*i - 8. Determine k(7).
916
Let x(a) = a**3 + 10*a**2 + a - 144. Determine x(6).
438
Let g(p) = -20*p**2 - 300*p - 990. Give g(-9).
90
Let t(f) = 32207*f - 6. Give t(0).
-6
Let w(q) = 169*q - 110. Give w(-1).
-279
Let s(r) = -r**3 + 193*r**2 - 1323*r + 3872. What is s(186)?
-34
Let m(w) = 4*w**3 - 6*w**2 + 232*w - 723. What is m(3)?
27
Let x(c) = c**3 + 57*c**2 + 163*c + 9280. Give x(-57).
-11
Let r(g) = 2*g**3 - 927*g**2 - 976*g - 50. Determine r(-1).
-3
Let w(h) = -h**3 - 12*h**2 + 821*h + 2521. Determine w(-3).
-23
Let z(w) = -w**2 + 715*w + 116. Calculate z(0).
116
Let c(v) = 66*v**2 - 1044*v - 2593. What is c(18)?
-1
Let c(h) = -h**2 + 2*h + 12725. Determine c(114).
-43
Let o(v) = v**3 + 48*v**2 - 1199*v - 814. Give o(-66).
-88
Let q(m) = -30*m**3 + 2*m**2 - 42